ivisor of q and d.
1
Suppose d = 1032 - 352. Calculate the greatest common divisor of 8 and d.
8
Let b(z) = z**2 + 9*z - 5. Let c be b(-10). Let s be (-3)/((-2)/((-3870)/(-27))). Calculate the greatest common factor of c and s.
5
Suppose -286*t = -2090379 - 6855415. Calculate the greatest common factor of t and 31.
31
Let m = -334 - -379. Let s = 15 - 6. Calculate the greatest common divisor of m and s.
9
Suppose 36 = -0*y + y. Let b(c) = -3*c**2 - 3*c + 2. Let p be b(1). Let q be (1 + 10/p)/(25/(-4800)). What is the highest common factor of y and q?
36
Suppose -1090*m + 1094*m + 153 = b, -5*b + 555 = 10*m. What is the highest common divisor of 1725 and b?
25
Let w(k) = -k**3 + 48*k**2 + k + 32. Let d be w(48). What is the highest common factor of d and 110?
10
Suppose -52 = -4*k - 0. Let g(o) = -k*o**2 - 20 + o**3 - 85*o + 164*o - 90*o. Let i be g(14). Calculate the greatest common factor of 77 and i.
11
Let l(t) = 4*t - 26. Let b be l(7). Suppose 0*s - 3*s + 15 = 0, b*h + 3*s = -37. Let n be 20/((-3)/(-2) + 13/h). What is the greatest common factor of n and 50?
10
Let j(o) = -575*o - 3081. Let n be j(-11). What is the greatest common factor of n and 4?
4
Let n be (-3)/(-5) + (-330)/120*167152/(-20). What is the greatest common factor of n and 52?
52
Let u be ((-102)/(-4))/(6/8). Let s = -95 - -316. What is the greatest common factor of u and s?
17
Let u(k) = -1566*k + 4712. Let c be u(3). Let i = 755 - -239. What is the highest common divisor of c and i?
14
Suppose 0 = r + q + 17, 5*q + 33 = -4*r - 31. Suppose 39*h = 31*h - 432. Let i = r - h. Calculate the greatest common divisor of 11 and i.
11
Suppose -a + 6*a - 225 = 0. Let o be (218/4)/(136/16 + -9). Let b = 118 + o. Calculate the highest common factor of a and b.
9
Suppose 7 = l - 4. Let t = -36489 + 37083. What is the highest common factor of t and l?
11
Let n(v) = -v**2 - 27*v - 48. Let a be (0 - -7)/((-3)/(-30)). Let b = -93 + a. Let t be n(b). What is the greatest common factor of 11 and t?
11
Let i(u) = 45*u**2 - 2462*u + 7373. Let h be i(3). Let k = -30 - -79. Calculate the greatest common factor of k and h.
49
Suppose 242*i - 241*i = 578. Let v = 594 - i. Calculate the highest common factor of v and 132.
4
Let s = 10535 + -8147. What is the highest common factor of 12 and s?
12
Let p(v) be the second derivative of 2*v**3/3 + 43*v**2/2 - 24*v. Let t be p(-12). Let h be 12/((-4)/690*t). Calculate the highest common factor of 46 and h.
46
Let a(t) = -5*t - 8. Let s be a(-4). Suppose 53010 = 101*h + 8166. What is the highest common divisor of s and h?
12
Let j(t) = 2*t**3 - 6*t**2 - 7*t - 1. Let f be j(4). Let d be (-25*(16 - 3))/(f/(-9)). What is the highest common divisor of 75 and d?
75
Let o be (-18)/4 - 4/8. Let g(m) = 3 - 3 - 9*m - 7 + 2*m. Let f be g(o). Calculate the greatest common factor of f and 168.
28
Let g(d) = 2*d**3 - 30*d**2 + 58*d - 42. Let a be g(14). Calculate the greatest common factor of 1302 and a.
42
Let f be (-66)/44*(5 + -1). Let y be 8/(-6)*153/f. Let w = 41 - y. Calculate the highest common divisor of 49 and w.
7
Let g(t) = -2 + 3*t**2 + 13*t + 30 - 2*t**2. Let s be g(-11). Suppose -s*o - 13 + 181 = 0. Calculate the greatest common divisor of 224 and o.
28
Suppose -28*j = -31*j + 693. Suppose -97*w = -2845 - 6758. Calculate the highest common divisor of w and j.
33
Let x be (-3)/10 + (-221357)/(-290). Suppose -483 = -j - 476. Calculate the greatest common divisor of j and x.
7
Let n be 615/(-18) + 2/12. Let g = n + 184. Suppose 5*w + 2*f = 160, -2*f + 100 = 9*w - 6*w. Calculate the greatest common factor of g and w.
30
Let m = 26110 - 25670. Calculate the greatest common divisor of m and 11770.
110
Let f be ((-2)/56)/(11/(-88)) - (-480)/35. Calculate the greatest common factor of 1939 and f.
7
Let c be 1 + 1*9 + 0. Suppose 77*y + 168*y = 15264 - 1789. Calculate the greatest common divisor of y and c.
5
Let i be (5 - (4 - -4)) + 3 + -3. Let r be (40 - 43)*10/i. Suppose 2*t = 5*n - 550, 82 + 138 = 2*n + 2*t. Calculate the highest common factor of n and r.
10
Let j(m) = -m + 6. Let y be j(5). Suppose -2*x = -y - 19. Let o be -20*1*54/(-12). Calculate the highest common divisor of o and x.
10
Let k = 8867 - 8716. What is the greatest common divisor of k and 3775?
151
Let g(k) = 848*k - 3304. Let d be g(5). What is the greatest common divisor of d and 900?
36
Suppose 0 = 52*y - 46*y + 36. Let v be (-928)/y + 17/51. Calculate the greatest common divisor of 31 and v.
31
Let c(w) = 10*w**2 - 3*w - 4. Let r be c(4). Let t be (12/(-24))/(2/(-28)). Suppose -t*y = -89 + 5. What is the highest common factor of y and r?
12
Let p(s) = -59*s**3 + s**2 + s - 5. Let b be p(-2). Suppose -14*c + b = -819. Calculate the greatest common divisor of c and 23.
23
Suppose -v + 3*f + 20 = 0, 0 = 4*f - 10 + 30. Suppose v*u - 46 = 54. Let l be ((-48)/20)/(-6) + 2784/40. What is the greatest common divisor of l and u?
10
Let u(l) = l**3 - 2*l**2 - 2*l + 3. Let i be u(2). Let c = i - -8. Let m = -1077 + 1126. Calculate the greatest common divisor of c and m.
7
Suppose 12 - 32 = -4*d. Let r(q) = q**3 - 3*q**2 + 366*q + 115. Let a be r(0). What is the highest common factor of d and a?
5
Suppose -f + 28536 = 5*i, i - 4074 - 1608 = 4*f. What is the highest common divisor of i and 18?
18
Let k be (-4)/4*(-21 + 0). Suppose -3 - k = -8*y. Let g be (-6 + y + -18)/(-1). What is the greatest common factor of g and 3?
3
Suppose -3*h - 3 = 3*a + 27, 2*a + 16 = 2*h. Let k be (a - (-13 - -5))/(1/(-4)). What is the highest common factor of k and 12?
4
Let h be 5*(0 + 2264/50)*(-105)/(-6). Calculate the greatest common divisor of 42 and h.
14
Suppose 2*c - 6*c = -24. Suppose -4*q + 4*k = -44, 2*q + c*k - k - 1 = 0. Calculate the highest common divisor of 296 and q.
8
Let g be (-4)/(1*(-4)/3). Let r(v) = v**3 - v**2 + 3*v - 1. Let p be r(g). Calculate the highest common factor of p and 13.
13
Suppose 3*m + 2*v - 181 = 0, 17*m - 19*m + 134 = -2*v. Suppose -m = -19*h + 12*h. Let i be 289/2 + (-1)/2. Calculate the highest common divisor of i and h.
9
Suppose -p + 1104 = 4*s, -12*p + 881 = 3*s + 2*p. What is the highest common factor of s and 77?
11
Suppose 455 = -25*q + 830 + 750. What is the greatest common divisor of q and 288?
9
Let n(q) = 21*q + 1021. Let v be n(-41). What is the highest common factor of 1312 and v?
32
Suppose 0 = -32*x + 1486 + 2866. Calculate the highest common factor of x and 152.
8
Suppose 0 = 3*r + 5*f - 235, f - 159 = -3*r + r. What is the highest common factor of 1424 and r?
16
Let a = 31195 + -31188. What is the highest common divisor of a and 176?
1
Let r(g) = 69*g**3 + g**2 - 6*g + 54. Let m be r(4). Calculate the greatest common factor of 46 and m.
46
Suppose o = s + 4*s + 1353, 0 = 5*o + 10. Suppose -111*m - 1057 = -104*m. Let d = m - s. What is the greatest common factor of 15 and d?
15
Suppose 0 = 5*u - 9*u + 36. Let p be (-19 + -1)/(u/(1 - 19)). Calculate the highest common factor of p and 360.
40
Let g(x) = x**3 - 3*x**2 + x - 14. Let h be g(6). Suppose -h*v = -109*v + 630. What is the greatest common divisor of 80 and v?
10
Suppose -5*m + 16 = 3*w - 11, -2*w + 16 = 3*m. What is the greatest common factor of m and 962?
2
Suppose -3*k - 4*n = -118, 3*k - n = 5*k - 77. Let x(z) = -950*z - 7590. Let i be x(-8). Let f = k - i. What is the highest common factor of f and 14?
14
Suppose -3723 = 5*x + 2*l, -1089 = 5*x - 2*l + 2638. Let g = x + -47. Let f be g/6*(-6)/9. Calculate the highest common factor of 11 and f.
11
Suppose 18*n - 15*n - 711 = 0. Let m = -133 + n. What is the highest common factor of 13 and m?
13
Let g be 23 - (-6 - 2 - -3). Let y be g/42*(0 - -39). Calculate the greatest common divisor of y and 91.
13
Suppose 3*n - 29 = 5*l - 80, -l = -n - 11. What is the highest common divisor of l and 3033?
9
Suppose 496 + 4128 = 8*k. What is the highest common divisor of k and 238?
34
Suppose 56*k - 253623 = 285769. Calculate the greatest common divisor of 8 and k.
8
Let j be 2279/3 + 4 + ((-20)/3 - -3). What is the highest common divisor of j and 665?
95
Let b be (129/516)/(2/14344). Calculate the highest common divisor of 44 and b.
11
Let z be (364/(-39))/(1/(-30))*(1 - -1). What is the highest common divisor of 240 and z?
80
Let c = 10174 - 3904. Calculate the 